{"id":79,"date":"2020-02-28T11:50:29","date_gmt":"2020-02-28T11:50:29","guid":{"rendered":"https:\/\/www.usmbrasil.com.br\/site\/?page_id=79"},"modified":"2020-02-28T11:55:08","modified_gmt":"2020-02-28T11:55:08","slug":"teste-de-slide","status":"publish","type":"page","link":"https:\/\/www.usmbrasil.com.br\/site\/teste-de-slide\/","title":{"rendered":"Teste de slide"},"content":{"rendered":"<p><img loading=\"lazy\" class=\"alignnone size-full wp-image-89\" src=\"https:\/\/www.usmbrasil.com.br\/site\/wp-content\/uploads\/2020\/02\/buddha.jpg\" alt=\"\" width=\"1200\" height=\"400\" srcset=\"https:\/\/www.usmbrasil.com.br\/site\/wp-content\/uploads\/2020\/02\/buddha.jpg 1200w, https:\/\/www.usmbrasil.com.br\/site\/wp-content\/uploads\/2020\/02\/buddha-300x100.jpg 300w, https:\/\/www.usmbrasil.com.br\/site\/wp-content\/uploads\/2020\/02\/buddha-1024x341.jpg 1024w, https:\/\/www.usmbrasil.com.br\/site\/wp-content\/uploads\/2020\/02\/buddha-768x256.jpg 768w\" sizes=\"(max-width: 1200px) 100vw, 1200px\" \/>USM Brasil<\/p>\n<div class=\"subtit\">TECNOLOGIA E INOVA\u00c7\u00c3O<\/div>\n<div align=\"left\">\n<div>\n<p>Seja bem Vindo ao nosso site!<\/p>\n<p>Conhe\u00e7a a mais completa linha de m\u00e1quinas e solu\u00e7\u00f5es para a produ\u00e7\u00e3o de cal\u00e7ados!<\/p>\n<p>A excel\u00eancia de seu produto com a nossa melhor Tecnologia<\/p>\n<div align=\"left\">\n<div><\/div>\n<\/div>\n<\/div>\n<\/div>\n<div class=\"subtit\">TECNOLOGIA E INOVA\u00c7\u00c3O<\/div>\n<div align=\"left\">\n<div>\n<p>Seja bem Vindo ao nosso site!<\/p>\n<p>Conhe\u00e7a a mais completa linha de m\u00e1quinas e solu\u00e7\u00f5es para a produ\u00e7\u00e3o de cal\u00e7ados!<\/p>\n<p>A excel\u00eancia de seu produto com a nossa melhor Tecnologia<\/p>\n<\/div>\n<\/div>\n","protected":false},"excerpt":{"rendered":"<p>USM Brasil TECNOLOGIA E INOVA\u00c7\u00c3O Seja bem Vindo ao nosso site! Conhe\u00e7a a mais completa linha de m\u00e1quinas e solu\u00e7\u00f5es para a produ\u00e7\u00e3o de cal\u00e7ados! A excel\u00eancia de seu produto com a nossa melhor Tecnologia TECNOLOGIA E INOVA\u00c7\u00c3O Seja bem <a class=\"more-link\" href=\"https:\/\/www.usmbrasil.com.br\/site\/teste-de-slide\/\">Leia mais&#8230; &raquo;<\/a><\/p>\n","protected":false},"author":1,"featured_media":0,"parent":0,"menu_order":0,"comment_status":"closed","ping_status":"closed","template":"","meta":[],"_links":{"self":[{"href":"https:\/\/www.usmbrasil.com.br\/site\/wp-json\/wp\/v2\/pages\/79"}],"collection":[{"href":"https:\/\/www.usmbrasil.com.br\/site\/wp-json\/wp\/v2\/pages"}],"about":[{"href":"https:\/\/www.usmbrasil.com.br\/site\/wp-json\/wp\/v2\/types\/page"}],"author":[{"embeddable":true,"href":"https:\/\/www.usmbrasil.com.br\/site\/wp-json\/wp\/v2\/users\/1"}],"replies":[{"embeddable":true,"href":"https:\/\/www.usmbrasil.com.br\/site\/wp-json\/wp\/v2\/comments?post=79"}],"version-history":[{"count":2,"href":"https:\/\/www.usmbrasil.com.br\/site\/wp-json\/wp\/v2\/pages\/79\/revisions"}],"predecessor-version":[{"id":90,"href":"https:\/\/www.usmbrasil.com.br\/site\/wp-json\/wp\/v2\/pages\/79\/revisions\/90"}],"wp:attachment":[{"href":"https:\/\/www.usmbrasil.com.br\/site\/wp-json\/wp\/v2\/media?parent=79"}],"curies":[{"name":"wp","href":"https:\/\/api.w.org\/{rel}","templated":true}]}}