{"id":7,"date":"2020-02-27T23:03:28","date_gmt":"2020-02-27T23:03:28","guid":{"rendered":"https:\/\/www.usmbrasil.com.br\/site\/?page_id=7"},"modified":"2023-03-01T12:03:07","modified_gmt":"2023-03-01T12:03:07","slug":"sobre","status":"publish","type":"page","link":"https:\/\/www.usmbrasil.com.br\/site\/sobre\/","title":{"rendered":"Empresa"},"content":{"rendered":"\n<p><\/p>\n\n\n\n<p> A nossa empresa foi fundada em 12 de janeiro de 1999, pelo seu s\u00f3cio fundador Luiz Paulo, trazendo consigo a experi\u00eancia e confian\u00e7a da marca USM do Brasil. Ao longo dos anos a empresa vem aperfei\u00e7oando e inovando em tecnologia para o setor cal\u00e7adista, com m\u00e1quinas que otimizam o processo e agregam qualidade e valor ao produto.<\/p>\n\n\n<div class=\"wp-block-image\">\n<figure class=\"alignleft size-large\"><img loading=\"lazy\" width=\"318\" height=\"173\" src=\"https:\/\/www.usmbrasil.com.br\/site\/wp-content\/uploads\/2022\/09\/empresa1-1.png\" alt=\"\" class=\"wp-image-145\" srcset=\"https:\/\/www.usmbrasil.com.br\/site\/wp-content\/uploads\/2022\/09\/empresa1-1.png 318w, https:\/\/www.usmbrasil.com.br\/site\/wp-content\/uploads\/2022\/09\/empresa1-1-300x163.png 300w\" sizes=\"(max-width: 318px) 100vw, 318px\" \/><\/figure><\/div>\n\n\n<p>Estamos localizados na cidade de Novo Hamburgo, capital brasileira do cal\u00e7ado, o que facilita o acesso \u00e0s principais exig\u00eancias das ind\u00fastrias de cal\u00e7ados. Atendemos o mercado interno atrav\u00e9s de nossos parceiros e representantes, e contamos com parcerias Internacionais (Europa, EUA e Taiwan) para o desenvolvimento de novos projetos e inova\u00e7\u00f5es, o que nos permite oferecer uma diversificada linha de produtos que atendam diferentes necessidades.<\/p>\n\n\n\n<p>Nosso objetivo principal \u00e9 ser um centro de desenvolvimento de novas tecnologias, oferecendo os melhores produtos e solu\u00e7\u00f5es. Para isso contamos com uma equipe t\u00e9cnica preparada para atender com excel\u00eancia nossos clientes, garantindo a confian\u00e7a, credibilidade e qualidade de nossa empresa. <\/p>\n\n\n\n<figure class=\"wp-block-image size-large\"><img loading=\"lazy\" width=\"318\" height=\"173\" src=\"https:\/\/www.usmbrasil.com.br\/site\/wp-content\/uploads\/2022\/09\/empresa2-1.png\" alt=\"\" class=\"wp-image-146\" srcset=\"https:\/\/www.usmbrasil.com.br\/site\/wp-content\/uploads\/2022\/09\/empresa2-1.png 318w, https:\/\/www.usmbrasil.com.br\/site\/wp-content\/uploads\/2022\/09\/empresa2-1-300x163.png 300w\" sizes=\"(max-width: 318px) 100vw, 318px\" \/><\/figure>\n\n\n\n<figure class=\"wp-block-image size-large\"><img loading=\"lazy\" width=\"318\" height=\"173\" src=\"https:\/\/www.usmbrasil.com.br\/site\/wp-content\/uploads\/2022\/09\/empresa3-1.png\" alt=\"\" class=\"wp-image-147\" srcset=\"https:\/\/www.usmbrasil.com.br\/site\/wp-content\/uploads\/2022\/09\/empresa3-1.png 318w, https:\/\/www.usmbrasil.com.br\/site\/wp-content\/uploads\/2022\/09\/empresa3-1-300x163.png 300w\" sizes=\"(max-width: 318px) 100vw, 318px\" \/><\/figure>\n","protected":false},"excerpt":{"rendered":"<p>A nossa empresa foi fundada em 12 de janeiro de 1999, pelo seu s\u00f3cio fundador Luiz Paulo, trazendo consigo a experi\u00eancia e confian\u00e7a da marca USM do Brasil. Ao longo dos anos a empresa vem aperfei\u00e7oando e inovando em tecnologia <a class=\"more-link\" href=\"https:\/\/www.usmbrasil.com.br\/site\/sobre\/\">Leia mais&#8230; &raquo;<\/a><\/p>\n","protected":false},"author":1,"featured_media":0,"parent":0,"menu_order":0,"comment_status":"closed","ping_status":"closed","template":"","meta":[],"_links":{"self":[{"href":"https:\/\/www.usmbrasil.com.br\/site\/wp-json\/wp\/v2\/pages\/7"}],"collection":[{"href":"https:\/\/www.usmbrasil.com.br\/site\/wp-json\/wp\/v2\/pages"}],"about":[{"href":"https:\/\/www.usmbrasil.com.br\/site\/wp-json\/wp\/v2\/types\/page"}],"author":[{"embeddable":true,"href":"https:\/\/www.usmbrasil.com.br\/site\/wp-json\/wp\/v2\/users\/1"}],"replies":[{"embeddable":true,"href":"https:\/\/www.usmbrasil.com.br\/site\/wp-json\/wp\/v2\/comments?post=7"}],"version-history":[{"count":23,"href":"https:\/\/www.usmbrasil.com.br\/site\/wp-json\/wp\/v2\/pages\/7\/revisions"}],"predecessor-version":[{"id":357,"href":"https:\/\/www.usmbrasil.com.br\/site\/wp-json\/wp\/v2\/pages\/7\/revisions\/357"}],"wp:attachment":[{"href":"https:\/\/www.usmbrasil.com.br\/site\/wp-json\/wp\/v2\/media?parent=7"}],"curies":[{"name":"wp","href":"https:\/\/api.w.org\/{rel}","templated":true}]}}